it of q?
4
Let d(v) = v**3 - 12*v**2 + 2*v - 14. Let a be d(12). Let h = 3 + -4. Let c = a + h. What is the units digit of c?
9
Suppose 0 = 4*r + 24 + 56. What is the units digit of (-5)/r - 46/(-8)?
6
Let x = 42 + -26. Suppose 2*h = -3*h + 3*j + 8, -4*j = -x. Suppose h*k + k = 25. What is the units digit of k?
5
Suppose 1 + 32 = 3*n. What is the units digit of n?
1
Let p(l) = -l**3 - 6*l**2 - 5*l - 1. What is the units digit of p(-7)?
3
Suppose -2*x - 336 = -4*x. Suppose 0 = -0*d - 5*d + 2*c + 212, 4*d - x = 2*c. Suppose -d = -3*k - k. What is the units digit of k?
1
Let i = 1 - -18. What is the units digit of i?
9
Suppose 0 = -2*d + 3*d - 40. What is the tens digit of d?
4
Suppose -244*z = -239*z - 1310. What is the units digit of z?
2
Let z(t) = t**3 - 5*t**2 - 5*t - 6. What is the tens digit of z(7)?
5
Let v be 6/(-3) + -8*1. Let w = v - -7. What is the units digit of 54/4 - w/6?
4
Let b(d) = d + 13. Suppose 0 = -0*m + m. Suppose m = 3*c - 0*c + 21. What is the units digit of b(c)?
6
Let j(a) = 11. Let y(l) = -l + 11. Let t(r) = 2*j(r) - 3*y(r). What is the tens digit of t(7)?
1
Let n(c) = -15*c - 4. Let b(h) = 31*h + 9. Let w(t) = -3*b(t) - 7*n(t). What is the tens digit of w(3)?
3
Let q(w) = -2*w - 10. Let s be q(-7). Suppose 19 = -s*k - o - 0*o, 3*o = 15. What is the units digit of 2*((-15)/k)/5?
1
Let q(g) = -23*g**3 - g**2 + g. Let c be q(1). Let u = c - -39. What is the units digit of u?
6
Let o be 11/33*-1*15. Let m be 5/(1 - (0 - 0)). Let y = m - o. What is the units digit of y?
0
Let b = -4 - -5. Let w = 18 - b. What is the tens digit of w?
1
Let j(r) = -r**3 - 5*r**2 + 6*r - 4. What is the units digit of j(-7)?
2
Let u = -3 + 5. Let j(z) = z**3 + 2*z**2 + 2. Let y be j(-2). What is the units digit of 1 + 1 - u/y?
1
Suppose 10 = 5*o - 0. Suppose -5*z + 125 = t, 6*z - 3*t = o*z + 81. Suppose 4*j - z = -4*f, 30 = 5*j + 4*f - f. What is the units digit of j?
6
Suppose 40 - 235 = -d. What is the units digit of d?
5
Let l be (-2)/(-1) + -1 + 19. Let a = -8 + l. What is the units digit of (a/14)/(2/28)?
2
Let p be (-3 - -6) + (28 - 2). Suppose -3*h + p = 2. What is the units digit of h?
9
What is the tens digit of ((-20)/15)/((-1)/30)?
4
Suppose 10*q - 82 - 918 = 0. What is the tens digit of q?
0
Let i(h) = 2*h - 8. Let f(d) = 3*d - 17. Let q(t) = 3*f(t) - 5*i(t). Let m be q(-8). Let y = m + 8. What is the units digit of y?
5
What is the units digit of -3*4*6/(72/(-196))?
6
Suppose -2*o = 5*x - 439, 2*x - 686 = 2*o - 5*o. What is the units digit of o?
2
Let i(a) = 6*a + 5. Let s be i(11). Let f = s + -32. What is the tens digit of f?
3
Suppose 0 = -5*y - 3*g + 20 - 5, 0 = 4*y - 2*g - 34. Let s = y - 0. What is the units digit of s?
6
Let b(q) = 2*q**2 + 2*q - 2. Let y(x) = -2*x**2 - 4*x - 2. Let z be y(-2). What is the units digit of b(z)?
2
Let c(k) = -k**3 + 3*k**2 - k + 1. Let n be c(3). Let v(x) = x**2 + 3*x + 3. Let g be v(n). Suppose p - 5 = -g. What is the units digit of p?
4
Suppose -4*v = -5*v + 3. Let t be 1/(2/12*v). Suppose 4*c - 17 = -5*u, 0*c = 3*c - t*u - 30. What is the units digit of c?
8
Suppose -14 + 2 = -3*k. Let c = -2 - -22. What is the units digit of 5/c + 3/k?
1
Suppose 4*m - 261 = -3*l - 93, 3*l + 2*m = 168. What is the units digit of l?
6
Let a be 16 - 6/(-8)*-4. Suppose 3*x = 5 + a. What is the units digit of x?
6
Let b(c) = c. Let x(s) = s**2 + 5*s + 10. Let a(l) = 4*b(l) + x(l). Let m be a(-9). Let t(n) = n**3 - 10*n**2 + n - 9. What is the units digit of t(m)?
1
What is the units digit of 2/(-6) + 318/9 + 3?
8
Suppose 0 = 6*q - 3*q - 27. What is the tens digit of 26 + 2*q/(-6)?
2
Let c = -7 + 4. Let a = c - -13. What is the units digit of a/15*(-30)/(-4)?
5
Suppose -h + 3*k + 183 = 0, -2*k - 2*k + 366 = 2*h. What is the units digit of h?
3
Suppose 5*q = 2*q - 4*p - 1, -2*q - 2 = 3*p. Let l = q - 1. Let k(d) = -d**3 + 3*d**2 + 6*d - 4. What is the units digit of k(l)?
4
Let q(d) = 16*d - 25. What is the units digit of q(2)?
7
Let h(j) = 4*j**2. Let m be h(-1). Suppose -m*b - 58 = -3*o, -87 + 37 = -3*o - 4*b. What is the units digit of o?
8
Let r(y) be the second derivative of y**5/20 - y**4/3 + 5*y**3/6 - 2*y**2 - y. Let c be r(3). Let x(k) = k**3 + 3*k - 1. What is the tens digit of x(c)?
1
Let u be 0/(2 - (2 + -2)). Suppose u = -4*a + 4 + 4. Suppose -4*l + a*l = -6. What is the units digit of l?
3
Let r = 0 - 52. Let p = -22 - r. What is the units digit of p?
0
Let k = 27 + -24. Suppose -x + 0*x = d - 6, -3*x + 6 = 0. Suppose -s = d*z - 12, k*s - s = -2*z + 18. What is the units digit of s?
8
What is the units digit of -2 - (-32 + -1 - 4)?
5
Suppose a - 6*a = 5*y - 175, y - 68 = -2*a. What is the units digit of a?
3
Let b = -5 + 10. Suppose k = 4*j - 4, 4*j - b*k = -15 + 3. What is the units digit of j?
2
Let v(p) = -2*p - 1. Let r be v(6). Let q = 21 + r. What is the units digit of ((-5)/(-2))/(4/q)?
5
Let f be 8/32 + 7/4. What is the tens digit of (3/f)/(3/72)?
3
Let h(c) = -c**2 + 12*c + 14. Let q be h(13). Let k(m) = 4*m + 11*m + 0*m. What is the units digit of k(q)?
5
Let t = -18 + 19. What is the tens digit of t/(-2) + (-91)/(-2)?
4
Let u(b) = 9 + 6*b**3 - 12*b - 10*b**2 + 6 - 5*b**3. What is the units digit of u(11)?
4
Let w be 32*7/((-28)/(-8)). Suppose 5*v - 61 = w. What is the tens digit of v?
2
Let w(c) = c**2 - 7*c + 3. What is the units digit of w(11)?
7
Let a(y) = -y**2 + 21*y - 32. What is the tens digit of a(17)?
3
Suppose c - 224 = -c + 2*n, 0 = 2*n + 6. What is the tens digit of c?
0
Suppose 2*j + 18 - 124 = 0. What is the units digit of j?
3
Let g = -6 + 7. Suppose g = -3*p + 4*p. What is the units digit of 1 + 6 - 1/p?
6
Let g be (4/1)/((-4)/(-6)). Suppose -4*q = -j, 0 = 3*q - 3 - g. Let a = j - 7. What is the units digit of a?
5
Suppose -28 = -2*x + 82. What is the tens digit of x?
5
Let m = 15 - -12. What is the units digit of m?
7
Suppose -2*z + 3*z = 34. What is the units digit of z?
4
Let h(f) = -f**3 + 6*f**2 + 5*f + 14. Let s(u) = u**2 - u - 1. Let i(o) = h(o) + 5*s(o). What is the units digit of i(11)?
9
Let q = 28 - 8. Suppose -4*o + 24 = -2*b + 3*b, -3*o + q = b. What is the units digit of b?
8
Let b = -114 + 323. What is the hundreds digit of b?
2
Let x(v) = -3*v**2 - 4*v + 5. Let m(b) = 4*b**2 + 6*b - 7. Let p = -10 - -5. Let j(y) = p*m(y) - 7*x(y). What is the units digit of j(-2)?
8
Let c be 3/(-4) - (-28)/16. Let i(x) = -21*x**2 + 2*x - 1. Let y be i(c). Let v = -5 - y. What is the units digit of v?
5
Suppose 0*a - 4*a - 8 = -3*u, 5*u - 25 = -5*a. Suppose 9*t - u*t = 45. What is the units digit of t?
9
Let m be 9*4/(-1 + -3). What is the units digit of (1 - (0 + 2))*m?
9
Let k(h) be the first derivative of h**4/4 + 4*h**3/3 - 7*h**2/2 - 2. What is the tens digit of k(-5)?
1
Let n(l) = 4*l - 4. Let j(v) = -v**3 + 4*v**2 - 2*v + 2. Let f be j(3). What is the units digit of n(f)?
6
What is the units digit of (-2860)/(-50) - (-1)/(-5)?
7
Let j(m) = 2*m - 5. Let k be j(-4). Let c = k - -7. Let a = c + 17. What is the units digit of a?
1
Let n(x) = -x**3 - x**2 + x + 14. Let l be -1 - -2*3/6. What is the units digit of n(l)?
4
Suppose z - 212 = -t, -z + 0*z - 652 = -3*t. Suppose -k - 2*k = -3*a + t, -2*k = -a + 72. Suppose -3 + a = 3*h. What is the units digit of h?
3
Let r(f) = 4*f**2 + 25*f - 28. Let w(g) = g**2 + 6*g - 7. Let z(q) = -2*r(q) + 9*w(q). Suppose 7 = 5*k + 37. What is the units digit of z(k)?
5
Suppose -2*l - 2*l = -36. Let q be 11/3 + (-6)/9. Let r = l - q. What is the units digit of r?
6
Let v(m) = -m - 27. Let s be v(-9). Suppose 0 = -d - 4*b + 43, -b + 74 = 2*d + b. Let a = s + d. What is the units digit of a?
7
Let h(w) = w**3 - 12*w**2 + 13*w - 13. Let s be h(11). What is the units digit of -9 + s - 7*-1?
7
Let p(d) = d**3 - 11*d**2 + 10*d. Let z be p(10). Suppose 2*v + 3*v - 10 = z. Suppose v*l = 5*q + 7*l - 15, -4*q = -5*l - 3. What is the units digit of q?
2
Suppose -4*o - 3 = 4*q - 19, -8 = -q - 2*o. What is the units digit of q - (-2)/4*18?
9
Let a = -80 - -50. What is the units digit of 12/a + (-314)/(-10)?
1
Let w(n) = n**2 - 4. What is the tens digit of w(5)?
2
Let l be 0/4*2/4. Suppose x - v - 14 = l, -x - 3*v - 14 = -2*x. Suppose -2*u + h - 6 = -x, -7 = -5*u - 4*h. What is the units digit of u?
3
Let u(o) = o**3 + 5*o**2 + 5*o + 4. Let f be u